1. Let l = -5 + p. Let w = l + 30. What is the units digit of w?
5
Suppose 34*r + 519 = 2*z + 35*r, 0 = 3*r + 3. What is the units digit of z?
0
Let q(l) = 3*l**2 + l - 1. Let y be q(1). Suppose 2*b + 10 = -y*b. What is the units digit of (14 + -12)/(b/(-11))?
1
What is the units digit of ((-4)/(-6))/((-18445)/3690 + 5)?
2
Let v be 6/(-2)*8/(-6). Suppose r + 4 + 6 = -3*j, -v*r + 5*j = -45. Suppose r*m + 33 = 8*m. What is the units digit of m?
1
Suppose -6*j + 3*j = -5*p - 1683, -j + 5*p = -571. What is the units digit of j?
6
Suppose 0 = 4*x + x + 15. Let v(a) = 7*a**2 + 9*a + 3. Let n(h) = -6*h**2 - 8*h - 3. Let q(r) = -6*n(r) - 5*v(r). What is the units digit of q(x)?
3
Let a(z) = 13*z - 41. Let y be a(7). Let k = 121 + y. What is the hundreds digit of k?
1
Let m be (6 + -4)*4/2. Suppose 0 = m*c - 7 - 13. Suppose -26 = -c*j - r, 1 = j - r - 3*r. What is the units digit of j?
5
Let d(u) = u**2 - 9*u + 11. Let x be d(5). Let o be 4/(1 - -3) + -36. Let m = x - o. What is the tens digit of m?
2
Let i = -19 - -22. Suppose -q - i = -13. What is the tens digit of q?
1
What is the units digit of (-1978)/(-19) + 30/(-285)?
4
Let b = 3208 - 1429. What is the hundreds digit of b?
7
Let p(i) = 399*i**2 + 5*i + 16. What is the thousands digit of p(-2)?
1
Let q(g) = 69*g - 1327. What is the tens digit of q(81)?
6
Let o(v) = 2*v**3 - 47*v**2 + 63*v - 32. What is the tens digit of o(23)?
8
Let f be (3 - 10)*(-7)/(14/(-4)). Let h(g) = -g**2 - 35*g - 7. What is the tens digit of h(f)?
8
Suppose -150*t = -135*t - 17670. What is the hundreds digit of t?
1
Suppose 3*l = -2 + 86. Let k = l + -27. Let g = k + 24. What is the units digit of g?
5
Let k(n) = -281*n - 451. What is the tens digit of k(-10)?
5
Let x be 584/10 - (-3)/5. Suppose 2*w - x = -5*g, -w + 2*g + 23 = -2*g. What is the tens digit of w?
2
Let s(y) = 18*y**2 + 40*y - 57. What is the units digit of s(-13)?
5
Let n(o) = -3*o**3 - 7*o**2 - 8*o - 6. Let i be n(-5). Let w = i - 133. What is the tens digit of w?
0
Suppose 2*t - 4*t - 50 = 0. Let f = -10 - t. What is the units digit of f?
5
Suppose -6*w = -504 - 570. What is the units digit of w?
9
Let r = -1207 - -834. Let o = -217 - r. What is the hundreds digit of o?
1
Let h be 50/75 - 7/(-3). Let b(o) = 8*o + 2 + 0 + 2. What is the units digit of b(h)?
8
Let l = 417 - 149. What is the tens digit of l?
6
Let i(s) = 44*s - 7. Let l be i(4). Suppose 3*x + p = l, 29 = -3*x + 2*p + 186. What is the tens digit of x?
5
Let x(u) = u**2 + 8*u - 5. Let m be x(-7). Let f be m/(-8)*20/6. Suppose 3*d = 3*q + 54, -3*d - f*q = d - 108. What is the tens digit of d?
2
Let t(m) = 2*m**2 + 7*m - 14. What is the units digit of t(-5)?
1
Suppose 3*r = 2*n - 739, 3*n - 1134 = -2*r - 2*r. What is the units digit of n?
4
Suppose -j - 100 = -6*j. Let u = -31 - -35. Let t = j + u. What is the tens digit of t?
2
Suppose -3*o = 4 + 5. Let p = o + 7. Suppose -z + 2*z - 2*g - 28 = 0, p*z - 5*g - 112 = 0. What is the tens digit of z?
2
Suppose 0*n - 9*n + 18 = 0. Suppose -n*c + 21 = 5*x - 20, -x - 19 = -3*c. What is the units digit of c?
8
Let h be (-3 + 3)*-1 + 39. Let n = 40 - h. What is the units digit of n?
1
What is the tens digit of (-95)/(-76) - (-8867)/4?
1
Let a = 9 + -42. Let n = 102 + a. What is the tens digit of n?
6
Let d(l) = 39*l - 1. Suppose 3*y = -2*u - 5, -3*u - 14 = y - 3*y. What is the units digit of d(y)?
8
Let f(v) = 3*v - v**2 - 24*v**2 + 2 - 16*v**2. Let m be f(-1). What is the units digit of ((-224)/m)/(1/3)?
6
Suppose 76 = -23*k + 19*k. Let r = 10 - k. What is the units digit of r?
9
Suppose -5*y + 665 = 5*u, 281 = -y + 3*y - u. What is the units digit of (-2)/(-7) + y/7?
0
Suppose -5 = 2*t - 7*t. Let o(q) = q**2 - 4*q - 13. Let r be o(0). What is the tens digit of (r/(-2))/(t/2)?
1
Let w(a) = -5*a**3 - 3*a**2 - 2*a + 1. Let j be w(-1). Suppose -260 = -j*o + 5*q, -o + 3*o - 104 = 4*q. What is the tens digit of o?
5
Let a = 65 + 876. What is the units digit of a?
1
Suppose -5*c - 8 + 18 = 0. Suppose -c = y + l + 1, 3 = -5*y - 2*l. What is the units digit of y?
1
Let h(a) = 4*a**2 - 10*a - 12. What is the hundreds digit of h(-8)?
3
Suppose -3*g + 10287 = 4*q, 0 = -2*q - g + 3594 + 1551. What is the units digit of q?
4
Let t(v) = v**2 + 4*v + 3. Let z be t(-6). Suppose -4*m = -7*m + z. Suppose -55 = -m*b + 40. What is the tens digit of b?
1
Let j be 36/8 - (-1)/2. Suppose v + 28 = j*v. Let l(t) = 3*t + 1. What is the units digit of l(v)?
2
Suppose -5511 = -11*b - 0*b. What is the units digit of b?
1
Suppose -4*q + 902 = -1390. What is the units digit of q?
3
Suppose 2*x - 21 - 7 = 0. What is the units digit of ((-777)/x)/((-2)/8)?
2
Let u(d) = -d**3 + 7*d**2 - 8*d + 2. Let y be u(6). Let o = y - -11. Suppose -o = 3*n - 10. What is the units digit of n?
3
Suppose -5*l = -4 - 1. Let b be (-2)/(l - -1) + 4. Suppose b*w = -5*j + 12, -w + 3*j + 4 = 5*j. What is the units digit of w?
4
Suppose 5*w + 1 = -2*f + 6, 4*w - 4*f - 4 = 0. What is the hundreds digit of -68*(5/(-10) - w)?
1
What is the thousands digit of 82000/82 - (-2)/(-2)*-3?
1
Let q(d) = 163*d + 418. What is the units digit of q(15)?
3
Let p = -1182 + 1283. What is the tens digit of p?
0
Suppose -13*r = -0*r - 78. Suppose -r*w = -5*w - 147. What is the tens digit of w?
4
Let o(w) = -12*w. Let d be o(-4). Let p = -41 + d. What is the units digit of p?
7
Let x(j) = 17*j**2 - 5*j - 2*j - 16*j**2 - 18. Let p be x(13). Suppose -2*z + p = -0*z. What is the units digit of z?
0
Let p be 1*(4 + -1 + -5). Let q(r) = 11*r**2 - r + 1. What is the units digit of q(p)?
7
Suppose -s = -6*s - 4*l + 2449, 0 = -5*l + 5. What is the tens digit of s?
8
Let y be 3 + 0/(-2 - 0). Suppose 0 = -a - 3*v + 71, y*a - 2*v = -0*v + 180. What is the units digit of a?
2
Let f(m) = -m**3 + 2*m**2 - 6*m - 7. Let j be f(-6). Suppose 78 = 5*t - j. What is the tens digit of t?
7
Let q(y) = 17*y + 18. What is the units digit of q(19)?
1
What is the tens digit of (1075/20)/(1/16)?
6
Suppose -77 = -2*i + 183. Suppose 4*d = -d + i. Suppose x + d = 2*x. What is the units digit of x?
6
Suppose -2*u + 214 + 730 = -2*b, -u - 5*b + 454 = 0. What is the units digit of u?
9
Let q = 480 + -256. Let k be 2/(-6) - q/(-6). Let h = -24 + k. What is the units digit of h?
3
Suppose -5*o + 3125 = 5*n, -4*n - 128 = -o - 2638. What is the tens digit of n?
2
Suppose 0 = -i + 5*q + 232, -i - 70*q = -73*q - 226. What is the tens digit of i?
1
Let t be (-1146)/(-10) - 2 - 2/(-5). Suppose t + 137 = 5*p. What is the tens digit of p?
5
Let q(h) = -11 + 7*h - 27*h**2 + 30*h**2 - 3*h. What is the units digit of q(4)?
3
What is the units digit of -2 + 12969/17 + (-16)/(-136)?
1
Suppose -71 - 277 = -4*l + 2*o, -4*o - 168 = -2*l. Suppose l - 168 = -5*s. What is the units digit of s?
6
Let h be -3 + 38/10 - (-504)/(-30). What is the tens digit of 56/h - -5 - (-674)/4?
7
Suppose 0 = 3*r - r - 0*r. Suppose r = -4*k + 3*c + 241, 4*k = 2*c - 71 + 309. What is the tens digit of k?
5
Let f = 4 + -4. Suppose 5*j = m - f*j + 6, -2*m + 3*j = 12. What is the tens digit of 85/(-20)*(m - -2)?
1
Suppose 1135 = 7*h - 6*h + 2*q, 5*h + 4*q = 5669. What is the tens digit of h?
3
Suppose -i - 4*v = -275 - 1230, 3*i = 2*v + 4487. What is the units digit of i?
7
Suppose -15*a + 12*a = -1404. What is the units digit of a?
8
Suppose 2*o - 556 = n - 3*n, 0 = 5*o - 2*n - 1369. What is the tens digit of o?
7
Suppose c = 4*v + 17, 5*v + 0*v = -4*c + 173. Suppose -2*x - c = g, -5*x + 0*x - 103 = -g. What is the tens digit of (168/x)/(4/(-30))?
6
Suppose 3 = -0*f + f. Let n(b) = 3 - 2*b + b**3 - 31*b**2 + 30*b**2 + 0*b**3. What is the tens digit of n(f)?
1
Suppose -5*p = -2*p - 12. Let t(c) = -c**3 + 2*c**2 - c - 1. Let i be t(-1). Suppose -5*b - i*g + 139 = -130, g = -p*b + 211. What is the units digit of b?
2
Suppose -3*o = -3, 3*a + 5*o - 47 = 12. Suppose -3*j + a = -99. What is the tens digit of j?
3
Let w be 4/(-12)*-3*5. Suppose -w = z, -2*v = 3*v - 5*z + 255. Let p = v - -79. What is the units digit of p?
3
Let v = 149 + -89. Suppose 0 = 2*f - 0*f - 4. Suppose f*p + p = v. What is the tens digit of p?
2
What is the tens digit of (194/3 - 1) + 6/18?
6
Let m(h) = 2*h + 3. Let b be m(1). Suppose -5*r - 173 = -2*l, b*l - 132 = 4*r + 326. What is the units digit of l?
4
Suppose -4*y - 2*z = -5 